{"id":1142,"date":"2025-05-12T12:37:36","date_gmt":"2025-05-12T12:37:36","guid":{"rendered":"https:\/\/www.lipka-box.sk\/?page_id=1142"},"modified":"2025-10-16T11:27:06","modified_gmt":"2025-10-16T11:27:06","slug":"vrh-c","status":"publish","type":"page","link":"https:\/\/www.lipka-box.sk\/?page_id=1142","title":{"rendered":"Vrh &#8222;C&#8220;"},"content":{"rendered":"\n<h2 class=\"wp-block-heading\"><\/h2>\n\n\n\n<div class=\"wp-block-media-text is-stacked-on-mobile\"><figure class=\"wp-block-media-text__media\"><img loading=\"lazy\" decoding=\"async\" width=\"724\" height=\"1024\" src=\"http:\/\/www.lipka-box.sk\/wp-content\/uploads\/2025\/06\/UKI-ENA-724x1024.jpeg\" alt=\"\" class=\"wp-image-1185 size-full\" srcset=\"https:\/\/www.lipka-box.sk\/wp-content\/uploads\/2025\/06\/UKI-ENA-724x1024.jpeg 724w, https:\/\/www.lipka-box.sk\/wp-content\/uploads\/2025\/06\/UKI-ENA-212x300.jpeg 212w, https:\/\/www.lipka-box.sk\/wp-content\/uploads\/2025\/06\/UKI-ENA-768x1087.jpeg 768w, https:\/\/www.lipka-box.sk\/wp-content\/uploads\/2025\/06\/UKI-ENA.jpeg 1080w\" sizes=\"auto, (max-width: 724px) 100vw, 724px\" \/><\/figure><div class=\"wp-block-media-text__content\">\n<p><strong>Born\/naroden\u00e9<\/strong> : <mark style=\"background-color:rgba(0, 0, 0, 0)\" class=\"has-inline-color has-vivid-cyan-blue-color\">10.40.2025<\/mark><\/p>\n\n\n\n<p><\/p>\n\n\n\n<p>Fawn male\/zlat\u00fd ps\u00edk  &#8211; 2x,<\/p>\n\n\n\n<p>Brindle male\/\u017e\u00edhan\u00fd ps\u00edk  &#8211; 3x<\/p>\n\n\n\n<p>Brindle female \/\u017e\u00edhan\u00e1 fenka &#8211;  3x<\/p>\n<\/div><\/div>\n\n\n\n<p><\/p>\n\n\n\n<p><\/p>\n\n\n\n<figure class=\"wp-block-image size-large\"><img loading=\"lazy\" decoding=\"async\" width=\"1024\" height=\"323\" src=\"http:\/\/www.lipka-box.sk\/wp-content\/uploads\/2025\/05\/SPOLU-1024x323.jpg\" alt=\"\" class=\"wp-image-1127\" srcset=\"https:\/\/www.lipka-box.sk\/wp-content\/uploads\/2025\/05\/SPOLU-1024x323.jpg 1024w, https:\/\/www.lipka-box.sk\/wp-content\/uploads\/2025\/05\/SPOLU-300x95.jpg 300w, https:\/\/www.lipka-box.sk\/wp-content\/uploads\/2025\/05\/SPOLU-768x243.jpg 768w, https:\/\/www.lipka-box.sk\/wp-content\/uploads\/2025\/05\/SPOLU-1536x485.jpg 1536w, https:\/\/www.lipka-box.sk\/wp-content\/uploads\/2025\/05\/SPOLU-2048x647.jpg 2048w, https:\/\/www.lipka-box.sk\/wp-content\/uploads\/2025\/05\/SPOLU-2000x632.jpg 2000w\" sizes=\"auto, (max-width: 1024px) 100vw, 1024px\" \/><\/figure>\n\n\n\n<div class=\"wp-block-media-text is-stacked-on-mobile\" style=\"grid-template-columns:27% auto\"><figure class=\"wp-block-media-text__media\"><img loading=\"lazy\" decoding=\"async\" width=\"538\" height=\"880\" src=\"https:\/\/www.lipka-box.sk\/wp-content\/uploads\/2025\/05\/crash-point.jpg\" alt=\"\" class=\"wp-image-1145 size-full\" srcset=\"https:\/\/www.lipka-box.sk\/wp-content\/uploads\/2025\/05\/crash-point.jpg 538w, https:\/\/www.lipka-box.sk\/wp-content\/uploads\/2025\/05\/crash-point-183x300.jpg 183w\" sizes=\"auto, (max-width: 538px) 100vw, 538px\" \/><\/figure><div class=\"wp-block-media-text__content\">\n<p>Pes\/Male<\/p>\n\n\n\n<p>meno\/name:<mark style=\"background-color: rgba(0, 0, 0, 0);\" class=\"has-inline-color\"><strong style=\"color: rgb(44, 99, 79);\">CRASH POINT<\/strong><\/mark><\/p>\n\n\n\n<p>p\u00f4rodn\u00e1 v\u00e1ha: 590g<\/p>\n\n\n\n<p>Farba: \u017e\u00edhan\u00fd s bielymi znakmi<\/p>\n\n\n\n<p><\/p>\n\n\n\n<p><strong><mark style=\"background-color:rgba(0, 0, 0, 0)\" class=\"has-inline-color has-vivid-red-color\"><strong><mark style=\"background-color:rgba(0, 0, 0, 0)\" class=\"has-inline-color has-vivid-cyan-blue-color\">Predan\u00fd<\/mark><\/strong><\/mark><\/strong><\/p>\n<\/div><\/div>\n\n\n\n<div class=\"wp-block-media-text is-stacked-on-mobile\" style=\"grid-template-columns:27% auto\"><figure class=\"wp-block-media-text__media\"><img loading=\"lazy\" decoding=\"async\" width=\"672\" height=\"1024\" src=\"http:\/\/www.lipka-box.sk\/wp-content\/uploads\/2025\/05\/Screenshot_20250505_211102_Studio-672x1024.jpg\" alt=\"\" class=\"wp-image-1118 size-full\" srcset=\"https:\/\/www.lipka-box.sk\/wp-content\/uploads\/2025\/05\/Screenshot_20250505_211102_Studio-672x1024.jpg 672w, https:\/\/www.lipka-box.sk\/wp-content\/uploads\/2025\/05\/Screenshot_20250505_211102_Studio-197x300.jpg 197w, https:\/\/www.lipka-box.sk\/wp-content\/uploads\/2025\/05\/Screenshot_20250505_211102_Studio-768x1170.jpg 768w, https:\/\/www.lipka-box.sk\/wp-content\/uploads\/2025\/05\/Screenshot_20250505_211102_Studio.jpg 817w\" sizes=\"auto, (max-width: 672px) 100vw, 672px\" \/><\/figure><div class=\"wp-block-media-text__content\">\n<p>Pes\/Male<\/p>\n\n\n\n<p>Meno\/name: <mark style=\"background-color:rgba(0, 0, 0, 0);color:#07cce3\" class=\"has-inline-color\"><strong>CARTIER<\/strong><\/mark><\/p>\n\n\n\n<p>p\u00f4rodn\u00e1 v\u00e1ha :530g<\/p>\n\n\n\n<p>Farba: \u017e\u00edhan\u00fd s bielymi znakmi<\/p>\n\n\n\n<p><strong><mark style=\"background-color:rgba(0, 0, 0, 0)\" class=\"has-inline-color has-vivid-cyan-blue-color\"><strong><mark style=\"background-color:rgba(0, 0, 0, 0)\" class=\"has-inline-color has-vivid-red-color\"><strong><mark style=\"background-color:rgba(0, 0, 0, 0)\" class=\"has-inline-color has-vivid-cyan-blue-color\">Predan\u00fd<\/mark><\/strong><\/mark><\/strong><\/mark><\/strong><\/p>\n<\/div><\/div>\n\n\n\n<div class=\"wp-block-media-text is-stacked-on-mobile\" style=\"grid-template-columns:27% auto\"><figure class=\"wp-block-media-text__media\"><img loading=\"lazy\" decoding=\"async\" width=\"638\" height=\"1024\" src=\"http:\/\/www.lipka-box.sk\/wp-content\/uploads\/2025\/05\/Screenshot_20250505_214449_Studio-1-638x1024.jpg\" alt=\"\" class=\"wp-image-1126 size-full\" srcset=\"https:\/\/www.lipka-box.sk\/wp-content\/uploads\/2025\/05\/Screenshot_20250505_214449_Studio-1-638x1024.jpg 638w, https:\/\/www.lipka-box.sk\/wp-content\/uploads\/2025\/05\/Screenshot_20250505_214449_Studio-1-187x300.jpg 187w, https:\/\/www.lipka-box.sk\/wp-content\/uploads\/2025\/05\/Screenshot_20250505_214449_Studio-1-768x1232.jpg 768w, https:\/\/www.lipka-box.sk\/wp-content\/uploads\/2025\/05\/Screenshot_20250505_214449_Studio-1.jpg 817w\" sizes=\"auto, (max-width: 638px) 100vw, 638px\" \/><\/figure><div class=\"wp-block-media-text__content\">\n<p>Pes\/Male<\/p>\n\n\n\n<p>Meno\/name:<mark style=\"background-color:rgba(0, 0, 0, 0)\" class=\"has-inline-color has-vivid-green-cyan-color\"><strong>CARAMELLO<\/strong><\/mark><\/p>\n\n\n\n<p>p\u00f4rodn\u00e1 v\u00e1ha: 540g<\/p>\n\n\n\n<p>Farba: zlat\u00fd  s bielymi znakmi<\/p>\n\n\n\n<p><\/p>\n\n\n\n<p><strong><mark style=\"background-color:rgba(0, 0, 0, 0)\" class=\"has-inline-color has-vivid-cyan-blue-color\">Predan\u00fd<\/mark><\/strong><\/p>\n<\/div><\/div>\n\n\n\n<div class=\"wp-block-media-text is-stacked-on-mobile\" style=\"grid-template-columns:28% auto\"><figure class=\"wp-block-media-text__media\"><img loading=\"lazy\" decoding=\"async\" width=\"629\" height=\"880\" src=\"https:\/\/www.lipka-box.sk\/wp-content\/uploads\/2025\/05\/cute-angel.jpg\" alt=\"\" class=\"wp-image-1151 size-full\" srcset=\"https:\/\/www.lipka-box.sk\/wp-content\/uploads\/2025\/05\/cute-angel.jpg 629w, https:\/\/www.lipka-box.sk\/wp-content\/uploads\/2025\/05\/cute-angel-214x300.jpg 214w\" sizes=\"auto, (max-width: 629px) 100vw, 629px\" \/><\/figure><div class=\"wp-block-media-text__content\">\n<p>Pes\/male<\/p>\n\n\n\n<p>Meno\/name: <strong><mark style=\"background-color:rgba(0, 0, 0, 0);color:#898f95\" class=\"has-inline-color\">CUTE ANGEL<\/mark><\/strong><\/p>\n\n\n\n<p>p\u00f4rodn\u00e1 v\u00e1ha: 480g<\/p>\n\n\n\n<p>Farba: \u017e\u00edhan\u00fd s bielymi znakmi<\/p>\n\n\n\n<p><\/p>\n\n\n\n<p><strong><mark style=\"background-color:rgba(0, 0, 0, 0)\" class=\"has-inline-color has-vivid-red-color\"><strong><mark style=\"background-color:rgba(0, 0, 0, 0)\" class=\"has-inline-color has-vivid-cyan-blue-color\">Predan\u00fd<\/mark><\/strong><\/mark><\/strong><\/p>\n<\/div><\/div>\n\n\n\n<div class=\"wp-block-media-text is-stacked-on-mobile\" style=\"grid-template-columns:29% auto\"><figure class=\"wp-block-media-text__media\"><img loading=\"lazy\" decoding=\"async\" width=\"542\" height=\"880\" src=\"https:\/\/www.lipka-box.sk\/wp-content\/uploads\/2025\/05\/capone-Al.jpg\" alt=\"\" class=\"wp-image-1152 size-full\" srcset=\"https:\/\/www.lipka-box.sk\/wp-content\/uploads\/2025\/05\/capone-Al.jpg 542w, https:\/\/www.lipka-box.sk\/wp-content\/uploads\/2025\/05\/capone-Al-185x300.jpg 185w\" sizes=\"auto, (max-width: 542px) 100vw, 542px\" \/><\/figure><div class=\"wp-block-media-text__content\">\n<p>Pes\/male<\/p>\n\n\n\n<p>Meno\/name: <mark style=\"background-color:rgba(0, 0, 0, 0);color:#0e0fb0\" class=\"has-inline-color\"><strong>CAPONNE \u00b4AL<\/strong><\/mark><\/p>\n\n\n\n<p>p\u00f4rodn\u00e1 v\u00e1ha: 500g<\/p>\n\n\n\n<p>Farba: Zlat\u00fd s  m\u00e1lo bielymi znakmi<\/p>\n\n\n\n<p><\/p>\n\n\n\n<p><strong><mark style=\"background-color:rgba(0, 0, 0, 0)\" class=\"has-inline-color has-vivid-red-color\"><strong><mark style=\"background-color:rgba(0, 0, 0, 0)\" class=\"has-inline-color has-vivid-cyan-blue-color\">Predan\u00fd<\/mark><\/strong><\/mark><\/strong><\/p>\n<\/div><\/div>\n\n\n\n<div class=\"wp-block-media-text is-stacked-on-mobile\" style=\"grid-template-columns:30% auto\"><figure class=\"wp-block-media-text__media\"><img loading=\"lazy\" decoding=\"async\" width=\"543\" height=\"880\" src=\"https:\/\/www.lipka-box.sk\/wp-content\/uploads\/2025\/05\/cara-mia.jpg\" alt=\"\" class=\"wp-image-1153 size-full\" srcset=\"https:\/\/www.lipka-box.sk\/wp-content\/uploads\/2025\/05\/cara-mia.jpg 543w, https:\/\/www.lipka-box.sk\/wp-content\/uploads\/2025\/05\/cara-mia-185x300.jpg 185w\" sizes=\"auto, (max-width: 543px) 100vw, 543px\" \/><\/figure><div class=\"wp-block-media-text__content\">\n<p>fenka\/female<\/p>\n\n\n\n<p>Meno\/name: <mark style=\"background-color:rgba(0, 0, 0, 0);color:#c20c50\" class=\"has-inline-color\"><strong>CARA MIA<\/strong><\/mark><\/p>\n\n\n\n<p>p\u00f4rodn\u00e1 v\u00e1ha: 510g<\/p>\n\n\n\n<p>Farba: \u017e\u00edhan\u00e1 s bielymi znakmi<\/p>\n\n\n\n<p><strong><mark style=\"background-color:rgba(0, 0, 0, 0)\" class=\"has-inline-color has-vivid-cyan-blue-color\"><strong><mark style=\"background-color:rgba(0, 0, 0, 0)\" class=\"has-inline-color has-vivid-cyan-blue-color\">Predan<\/mark><\/strong><\/mark><\/strong><mark style=\"background-color:rgba(0, 0, 0, 0)\" class=\"has-inline-color has-vivid-cyan-blue-color\"><strong>\u00e1<\/strong><\/mark><\/p>\n\n\n\n<p><\/p>\n<\/div><\/div>\n\n\n\n<div class=\"wp-block-media-text is-stacked-on-mobile\" style=\"grid-template-columns:30% auto\"><figure class=\"wp-block-media-text__media\"><img loading=\"lazy\" decoding=\"async\" width=\"553\" height=\"880\" src=\"https:\/\/www.lipka-box.sk\/wp-content\/uploads\/2025\/05\/caya-unica.jpg\" alt=\"\" class=\"wp-image-1154 size-full\" srcset=\"https:\/\/www.lipka-box.sk\/wp-content\/uploads\/2025\/05\/caya-unica.jpg 553w, https:\/\/www.lipka-box.sk\/wp-content\/uploads\/2025\/05\/caya-unica-189x300.jpg 189w\" sizes=\"auto, (max-width: 553px) 100vw, 553px\" \/><\/figure><div class=\"wp-block-media-text__content\">\n<p>fenka\/female<\/p>\n\n\n\n<p>Meno\/name : <mark style=\"background-color:rgba(0, 0, 0, 0);color:#f4cbd5\" class=\"has-inline-color\"><strong>CAYA  UNICA<\/strong><\/mark><\/p>\n\n\n\n<p>p\u00f4rodn\u00e1 v\u00e1ha: 500g<\/p>\n\n\n\n<p>Farba: \u017e\u00edhan\u00e1 s bielymi znakmi<\/p>\n\n\n\n<p><strong><mark style=\"background-color:rgba(0, 0, 0, 0)\" class=\"has-inline-color has-vivid-cyan-blue-color\"><strong><mark style=\"background-color:rgba(0, 0, 0, 0)\" class=\"has-inline-color has-vivid-cyan-blue-color\"><strong><mark style=\"background-color:rgba(0, 0, 0, 0)\" class=\"has-inline-color has-vivid-cyan-blue-color\">Predan<\/mark><\/strong><\/mark><\/strong><mark style=\"background-color:rgba(0, 0, 0, 0)\" class=\"has-inline-color has-vivid-cyan-blue-color\"><strong>\u00e1<\/strong><\/mark><\/mark><\/strong><\/p>\n\n\n\n<p><\/p>\n<\/div><\/div>\n\n\n\n<div class=\"wp-block-media-text is-stacked-on-mobile\" style=\"grid-template-columns:30% auto\"><figure class=\"wp-block-media-text__media\"><img loading=\"lazy\" decoding=\"async\" width=\"564\" height=\"880\" src=\"https:\/\/www.lipka-box.sk\/wp-content\/uploads\/2025\/05\/coco-lina.jpg\" alt=\"\" class=\"wp-image-1155 size-full\" srcset=\"https:\/\/www.lipka-box.sk\/wp-content\/uploads\/2025\/05\/coco-lina.jpg 564w, https:\/\/www.lipka-box.sk\/wp-content\/uploads\/2025\/05\/coco-lina-192x300.jpg 192w\" sizes=\"auto, (max-width: 564px) 100vw, 564px\" \/><\/figure><div class=\"wp-block-media-text__content\">\n<p>fenka\/ female<\/p>\n\n\n\n<p>Meno\/name: <mark style=\"background-color:rgba(0, 0, 0, 0)\" class=\"has-inline-color has-luminous-vivid-orange-color\"><strong>COCCO\u00b4LINA<\/strong><\/mark><\/p>\n\n\n\n<p>p\u00f4rodn\u00e1 v\u00e1ha: 492g<\/p>\n\n\n\n<p>Farba: \u017e\u00edhan\u00e1 s bielymi znakmi<\/p>\n\n\n\n<p><strong><mark style=\"background-color:rgba(0, 0, 0, 0)\" class=\"has-inline-color has-vivid-cyan-blue-color\"><strong><mark style=\"background-color:rgba(0, 0, 0, 0)\" class=\"has-inline-color has-vivid-cyan-blue-color\"><strong><mark style=\"background-color:rgba(0, 0, 0, 0)\" class=\"has-inline-color has-vivid-cyan-blue-color\">Predan<\/mark><\/strong><\/mark><\/strong><mark style=\"background-color:rgba(0, 0, 0, 0)\" class=\"has-inline-color has-vivid-cyan-blue-color\"><strong>\u00e1<\/strong><\/mark><\/mark><\/strong><\/p>\n\n\n\n<p><\/p>\n<\/div><\/div>\n\n\n\n<p><\/p>\n","protected":false},"excerpt":{"rendered":"<p>Born\/naroden\u00e9 : 10.40.2025 Fawn male\/zlat\u00fd ps\u00edk &#8211; 2x, Brindle male\/\u017e\u00edhan\u00fd ps\u00edk &#8211; 3x Brindle female \/\u017e\u00edhan\u00e1 fenka &#8211; 3x Pes\/Male meno\/name:CRASH POINT p\u00f4rodn\u00e1 v\u00e1ha: 590g Farba: \u017e\u00edhan\u00fd s bielymi znakmi Predan\u00fd Pes\/Male Meno\/name: CARTIER p\u00f4rodn\u00e1 v\u00e1ha :530g Farba: \u017e\u00edhan\u00fd s bielymi znakmi Predan\u00fd Pes\/Male Meno\/name:CARAMELLO p\u00f4rodn\u00e1 v\u00e1ha: 540g Farba: zlat\u00fd s bielymi znakmi Predan\u00fd Pes\/male &hellip; <\/p>\n<p class=\"link-more\"><a href=\"https:\/\/www.lipka-box.sk\/?page_id=1142\" class=\"more-link\">Read more<span class=\"screen-reader-text\"> &#8222;Vrh &#8222;C&#8220;&#8220;<\/span><\/a><\/p>\n","protected":false},"author":1,"featured_media":0,"parent":0,"menu_order":0,"comment_status":"closed","ping_status":"closed","template":"","meta":{"footnotes":""},"class_list":["post-1142","page","type-page","status-publish","hentry"],"_links":{"self":[{"href":"https:\/\/www.lipka-box.sk\/index.php?rest_route=\/wp\/v2\/pages\/1142","targetHints":{"allow":["GET"]}}],"collection":[{"href":"https:\/\/www.lipka-box.sk\/index.php?rest_route=\/wp\/v2\/pages"}],"about":[{"href":"https:\/\/www.lipka-box.sk\/index.php?rest_route=\/wp\/v2\/types\/page"}],"author":[{"embeddable":true,"href":"https:\/\/www.lipka-box.sk\/index.php?rest_route=\/wp\/v2\/users\/1"}],"replies":[{"embeddable":true,"href":"https:\/\/www.lipka-box.sk\/index.php?rest_route=%2Fwp%2Fv2%2Fcomments&post=1142"}],"version-history":[{"count":9,"href":"https:\/\/www.lipka-box.sk\/index.php?rest_route=\/wp\/v2\/pages\/1142\/revisions"}],"predecessor-version":[{"id":1204,"href":"https:\/\/www.lipka-box.sk\/index.php?rest_route=\/wp\/v2\/pages\/1142\/revisions\/1204"}],"wp:attachment":[{"href":"https:\/\/www.lipka-box.sk\/index.php?rest_route=%2Fwp%2Fv2%2Fmedia&parent=1142"}],"curies":[{"name":"wp","href":"https:\/\/api.w.org\/{rel}","templated":true}]}}