{"id":659,"date":"2023-04-14T13:49:36","date_gmt":"2023-04-14T13:49:36","guid":{"rendered":"https:\/\/www.lipka-box.sk\/?page_id=659"},"modified":"2023-05-29T08:16:50","modified_gmt":"2023-05-29T08:16:50","slug":"enola-preslavva-civitas","status":"publish","type":"page","link":"https:\/\/www.lipka-box.sk\/?page_id=659","title":{"rendered":"ENOLA Holmes Preslavva Civitas"},"content":{"rendered":"\n<div class=\"wp-block-media-text is-stacked-on-mobile\" style=\"grid-template-columns:46% auto\"><figure class=\"wp-block-media-text__media\"><img loading=\"lazy\" decoding=\"async\" width=\"1024\" height=\"947\" src=\"https:\/\/www.lipka-box.sk\/wp-content\/uploads\/2023\/04\/20230416_1715260-1024x947.png\" alt=\"\" class=\"wp-image-781 size-full\" srcset=\"https:\/\/www.lipka-box.sk\/wp-content\/uploads\/2023\/04\/20230416_1715260-1024x947.png 1024w, https:\/\/www.lipka-box.sk\/wp-content\/uploads\/2023\/04\/20230416_1715260-300x277.png 300w, https:\/\/www.lipka-box.sk\/wp-content\/uploads\/2023\/04\/20230416_1715260-768x710.png 768w, https:\/\/www.lipka-box.sk\/wp-content\/uploads\/2023\/04\/20230416_1715260-1536x1420.png 1536w, https:\/\/www.lipka-box.sk\/wp-content\/uploads\/2023\/04\/20230416_1715260-2048x1894.png 2048w, https:\/\/www.lipka-box.sk\/wp-content\/uploads\/2023\/04\/20230416_1715260-2000x1849.png 2000w\" sizes=\"auto, (max-width: 1024px) 100vw, 1024px\" \/><\/figure><div class=\"wp-block-media-text__content\">\n<div class=\"oCont remodal-bg\">\n<div id=\"main\" class=\"basic\">\n<div class=\"iCont clear\">\n<div id=\"content\" class=\"mainColumn\">\n<div id=\"box-id-content\" class=\"pagebox\">\n<div id=\"block-823-1\" class=\"blockText box blockTextRight\">\n<h2><mark class=\"has-inline-color has-vivid-red-color\" style=\"background-color: rgba(0, 0, 0, 0);\">Z\u00e1kladn\u00e9 \u00fadaje<\/mark><\/h2>\n<\/div>\n<\/div>\n<\/div>\n<\/div>\n<\/div>\n<\/div>\n\n\n\n<p><strong>D\u00e1tum narodenia<\/strong> :<mark style=\"background-color:rgba(0, 0, 0, 0)\" class=\"has-inline-color has-luminous-vivid-orange-color\"> 4.06.2022<\/mark><\/p>\n\n\n\n<p><\/p>\n\n\n\n<p><strong>Chip:<\/strong> <mark style=\"background-color:rgba(0, 0, 0, 0)\" class=\"has-inline-color has-luminous-vivid-orange-color\">941010000210442<\/mark><\/p>\n\n\n\n<p><\/p>\n\n\n\n<p><strong>SPKP:<\/strong> <mark style=\"background-color:rgba(0, 0, 0, 0)\" class=\"has-inline-color has-luminous-vivid-orange-color\">6877<\/mark><\/p>\n<\/div><\/div>\n\n\n\n<figure class=\"wp-block-gallery has-nested-images columns-default is-cropped wp-block-gallery-1 is-layout-flex wp-block-gallery-is-layout-flex\"><div class=\"wp-block-image\">\n<figure class=\"aligncenter size-large\"><img loading=\"lazy\" decoding=\"async\" width=\"1024\" height=\"726\" data-id=\"858\" src=\"https:\/\/www.lipka-box.sk\/wp-content\/uploads\/2023\/05\/rodokmen-Enola-1024x726.jpg\" alt=\"\" class=\"wp-image-858\" srcset=\"https:\/\/www.lipka-box.sk\/wp-content\/uploads\/2023\/05\/rodokmen-Enola-1024x726.jpg 1024w, https:\/\/www.lipka-box.sk\/wp-content\/uploads\/2023\/05\/rodokmen-Enola-300x213.jpg 300w, https:\/\/www.lipka-box.sk\/wp-content\/uploads\/2023\/05\/rodokmen-Enola-768x545.jpg 768w, https:\/\/www.lipka-box.sk\/wp-content\/uploads\/2023\/05\/rodokmen-Enola.jpg 1124w\" sizes=\"auto, (max-width: 1024px) 100vw, 1024px\" \/><\/figure>\n<\/div><\/figure>\n\n\n\n<div class=\"wp-block-media-text is-stacked-on-mobile\"><figure class=\"wp-block-media-text__media\"><img loading=\"lazy\" decoding=\"async\" width=\"1024\" height=\"682\" src=\"https:\/\/www.lipka-box.sk\/wp-content\/uploads\/2023\/04\/20230416_162034-1024x682.png\" alt=\"\" class=\"wp-image-780 size-full\" srcset=\"https:\/\/www.lipka-box.sk\/wp-content\/uploads\/2023\/04\/20230416_162034-1024x682.png 1024w, https:\/\/www.lipka-box.sk\/wp-content\/uploads\/2023\/04\/20230416_162034-300x200.png 300w, https:\/\/www.lipka-box.sk\/wp-content\/uploads\/2023\/04\/20230416_162034-768x512.png 768w, https:\/\/www.lipka-box.sk\/wp-content\/uploads\/2023\/04\/20230416_162034-1536x1023.png 1536w, https:\/\/www.lipka-box.sk\/wp-content\/uploads\/2023\/04\/20230416_162034-2048x1364.png 2048w, https:\/\/www.lipka-box.sk\/wp-content\/uploads\/2023\/04\/20230416_162034-2000x1332.png 2000w\" sizes=\"auto, (max-width: 1024px) 100vw, 1024px\" \/><\/figure><div class=\"wp-block-media-text__content\">\n<h1 class=\"wp-block-heading\"><strong><mark style=\"background-color:rgba(0, 0, 0, 0)\" class=\"has-inline-color has-vivid-red-color\">Zdravotn\u00e9 z\u00e1znamy<\/mark><\/strong><\/h1>\n<\/div><\/div>\n\n\n\n<div class=\"wp-block-media-text is-stacked-on-mobile\"><figure class=\"wp-block-media-text__media\"><img loading=\"lazy\" decoding=\"async\" width=\"691\" height=\"1024\" src=\"http:\/\/www.lipka-box.sk\/wp-content\/uploads\/2023\/03\/enola1-2-691x1024.jpg\" alt=\"\" class=\"wp-image-329 size-full\" srcset=\"https:\/\/www.lipka-box.sk\/wp-content\/uploads\/2023\/03\/enola1-2-691x1024.jpg 691w, https:\/\/www.lipka-box.sk\/wp-content\/uploads\/2023\/03\/enola1-2-202x300.jpg 202w, https:\/\/www.lipka-box.sk\/wp-content\/uploads\/2023\/03\/enola1-2-768x1139.jpg 768w, https:\/\/www.lipka-box.sk\/wp-content\/uploads\/2023\/03\/enola1-2-1036x1536.jpg 1036w, https:\/\/www.lipka-box.sk\/wp-content\/uploads\/2023\/03\/enola1-2.jpg 1381w\" sizes=\"auto, (max-width: 691px) 100vw, 691px\" \/><\/figure><div class=\"wp-block-media-text__content\">\n<h1 class=\"wp-block-heading\"><mark style=\"background-color:rgba(0, 0, 0, 0)\" class=\"has-inline-color has-vivid-red-color\">V\u00fdstavn\u00e9 \u00faspechy<\/mark><\/h1>\n\n\n\n<p>Campionato dell anno 3 BABY femine fulve 15-16.10.2022 TERRE DEL RENO FERRARA (IT)<\/p>\n\n\n\n<p>Bratislava WINTERDANUBE CACIB 25.11.2022 &#8211; VN1<\/p>\n\n\n\n<p>Bratislava WINTERDANUBE CACIB 26.11.2022 &#8211; VN1<\/p>\n\n\n\n<p>Bratislava WINTERDANUBE CACIB 27.11.2022 &#8211; VN1<\/p>\n\n\n\n<p>27.11.2022- <strong><mark style=\"background-color:rgba(0, 0, 0, 0)\" class=\"has-inline-color has-vivid-red-color\">Slovensk\u00fd \u0161ampi\u00f3n \u0161teniat<\/mark><\/strong><\/p>\n\n\n\n<p>CACIB Nitra 17.2.2023-VN1<\/p>\n\n\n\n<p>SLOVAK JUNIOR TROPHY SHOW<\/p>\n\n\n\n<p>31.03.2023 BRATISLAVA Exc.1,CAJC,<\/p>\n\n\n\n<p>SLOVAK JUNIOR TROPHY WINNER<img loading=\"lazy\" decoding=\"async\" src=\"https:\/\/static.xx.fbcdn.net\/images\/emoji.php\/v9\/t17\/1.5\/16\/1f3c6.png\" alt=\"\ud83c\udfc6\" width=\"16\" height=\"16\"><\/p>\n\n\n\n<p>1.4.2023 SPRING DANUBE CACIB Bratislava<\/p>\n\n\n\n<p>Junior class Exc.2<img loading=\"lazy\" decoding=\"async\" src=\"https:\/\/static.xx.fbcdn.net\/images\/emoji.php\/v9\/t17\/1.5\/16\/1f3c6.png\" alt=\"\ud83c\udfc6\" width=\"16\" height=\"16\"><\/p>\n\n\n\n<p>2.4.2023 SPRING DANUBE CACIB Bratislava<\/p>\n\n\n\n<p>Junior class Exc.2 <img loading=\"lazy\" decoding=\"async\" src=\"https:\/\/static.xx.fbcdn.net\/images\/emoji.php\/v9\/t17\/1.5\/16\/1f3c6.png\" alt=\"\ud83c\udfc6\" width=\"16\" height=\"16\"> <\/p>\n\n\n\n<p> <\/p>\n\n\n\n<p>IDS Lu\u010denec<\/p>\n\n\n\n<p>13.5.2023<\/p>\n\n\n\n<p>Exc.1<img loading=\"lazy\" decoding=\"async\" alt=\"\ud83e\udd47\" src=\"https:\/\/static.xx.fbcdn.net\/images\/emoji.php\/v9\/ted\/1.5\/16\/1f947.png\" width=\"16\" height=\"16\">,CAJC<img loading=\"lazy\" decoding=\"async\" alt=\"\ud83c\udfc6\" src=\"https:\/\/static.xx.fbcdn.net\/images\/emoji.php\/v9\/t17\/1.5\/16\/1f3c6.png\" width=\"16\" height=\"16\">,junior CACIB <img loading=\"lazy\" decoding=\"async\" alt=\"\ud83c\udfc6\" src=\"https:\/\/static.xx.fbcdn.net\/images\/emoji.php\/v9\/t17\/1.5\/16\/1f3c6.png\" width=\"16\" height=\"16\">,Junior BOB<img loading=\"lazy\" decoding=\"async\" alt=\"\ud83c\udfc6\" src=\"https:\/\/static.xx.fbcdn.net\/images\/emoji.php\/v9\/t17\/1.5\/16\/1f3c6.png\" width=\"16\" height=\"16\">,BOS<\/p>\n\n\n\n<p>Judge :Radv\u00e1nyi Tam\u00e1s<\/p>\n\n\n\n<p>14.5.2023<\/p>\n\n\n\n<p>Exc.1<img loading=\"lazy\" decoding=\"async\" alt=\"\ud83e\udd47\" src=\"https:\/\/static.xx.fbcdn.net\/images\/emoji.php\/v9\/ted\/1.5\/16\/1f947.png\" width=\"16\" height=\"16\">, CAJC<img loading=\"lazy\" decoding=\"async\" alt=\"\ud83c\udfc6\" src=\"https:\/\/static.xx.fbcdn.net\/images\/emoji.php\/v9\/t17\/1.5\/16\/1f3c6.png\" width=\"16\" height=\"16\"><\/p>\n\n\n\n<p>Judge: Pettk\u00f3 Csaba, HU<\/p>\n\n\n\n<p>Splnila podmienky pre udelenie <strong><mark style=\"background-color:rgba(0, 0, 0, 0)\" class=\"has-inline-color has-vivid-red-color\">Slovensk\u00fd \u0161ampi\u00f3n mlad\u00fdch <img loading=\"lazy\" decoding=\"async\" src=\"https:\/\/static.xx.fbcdn.net\/images\/emoji.php\/v9\/t17\/1.5\/16\/1f3c6.png\" alt=\"\ud83c\udfc6\" width=\"16\" height=\"16\"><\/mark><\/strong><\/p>\n\n\n\n<p><\/p>\n\n\n\n<figure class=\"wp-block-image size-large\"><img loading=\"lazy\" decoding=\"async\" width=\"965\" height=\"1024\" src=\"https:\/\/www.lipka-box.sk\/wp-content\/uploads\/2023\/05\/20230514_112953-965x1024.jpg\" alt=\"\" class=\"wp-image-857\" srcset=\"https:\/\/www.lipka-box.sk\/wp-content\/uploads\/2023\/05\/20230514_112953-965x1024.jpg 965w, https:\/\/www.lipka-box.sk\/wp-content\/uploads\/2023\/05\/20230514_112953-283x300.jpg 283w, https:\/\/www.lipka-box.sk\/wp-content\/uploads\/2023\/05\/20230514_112953-768x815.jpg 768w, https:\/\/www.lipka-box.sk\/wp-content\/uploads\/2023\/05\/20230514_112953-330x350.jpg 330w, https:\/\/www.lipka-box.sk\/wp-content\/uploads\/2023\/05\/20230514_112953-1447x1536.jpg 1447w, https:\/\/www.lipka-box.sk\/wp-content\/uploads\/2023\/05\/20230514_112953-1930x2048.jpg 1930w, https:\/\/www.lipka-box.sk\/wp-content\/uploads\/2023\/05\/20230514_112953-2000x2122.jpg 2000w\" sizes=\"auto, (max-width: 965px) 100vw, 965px\" \/><\/figure>\n\n\n\n<figure class=\"wp-block-image size-large is-resized\"><img loading=\"lazy\" decoding=\"async\" src=\"https:\/\/www.lipka-box.sk\/wp-content\/uploads\/2023\/05\/enola-sampion-mladych-1-1024x723.png\" alt=\"\" class=\"wp-image-950\" width=\"517\" height=\"365\" srcset=\"https:\/\/www.lipka-box.sk\/wp-content\/uploads\/2023\/05\/enola-sampion-mladych-1-1024x723.png 1024w, https:\/\/www.lipka-box.sk\/wp-content\/uploads\/2023\/05\/enola-sampion-mladych-1-300x212.png 300w, https:\/\/www.lipka-box.sk\/wp-content\/uploads\/2023\/05\/enola-sampion-mladych-1-768x542.png 768w, https:\/\/www.lipka-box.sk\/wp-content\/uploads\/2023\/05\/enola-sampion-mladych-1.png 1118w\" sizes=\"auto, (max-width: 517px) 100vw, 517px\" \/><\/figure>\n<\/div><\/div>\n\n\n\n<div class=\"wp-block-media-text alignwide is-stacked-on-mobile\" style=\"grid-template-columns:57% auto\"><figure class=\"wp-block-media-text__media\"><img loading=\"lazy\" decoding=\"async\" width=\"768\" height=\"1024\" src=\"https:\/\/www.lipka-box.sk\/wp-content\/uploads\/2023\/05\/20230527_200552-768x1024.jpg\" alt=\"\" class=\"wp-image-951 size-full\" srcset=\"https:\/\/www.lipka-box.sk\/wp-content\/uploads\/2023\/05\/20230527_200552-768x1024.jpg 768w, https:\/\/www.lipka-box.sk\/wp-content\/uploads\/2023\/05\/20230527_200552-225x300.jpg 225w, https:\/\/www.lipka-box.sk\/wp-content\/uploads\/2023\/05\/20230527_200552-1152x1536.jpg 1152w, https:\/\/www.lipka-box.sk\/wp-content\/uploads\/2023\/05\/20230527_200552-1536x2048.jpg 1536w, https:\/\/www.lipka-box.sk\/wp-content\/uploads\/2023\/05\/20230527_200552-2000x2667.jpg 2000w, https:\/\/www.lipka-box.sk\/wp-content\/uploads\/2023\/05\/20230527_200552-scaled.jpg 1920w\" sizes=\"auto, (max-width: 768px) 100vw, 768px\" \/><\/figure><div class=\"wp-block-media-text__content\">\n<p><img loading=\"lazy\" decoding=\"async\" width=\"16\" height=\"16\" src=\"https:\/\/static.xx.fbcdn.net\/images\/emoji.php\/v9\/t40\/1\/16\/1f4a5.png\" alt=\"\ud83d\udca5\"><strong>ATIBOX WORLD BOXER SHOW<\/strong><\/p>\n\n\n\n<p>Bosna and Hercegovina SARAJEVO 27-28.5.2023<\/p>\n\n\n\n<p>ENOLA HOLMES PRESLAVVA CIVITAS<\/p>\n\n\n\n<p><a><\/a>Class:Junior 9-12m<\/p>\n\n\n\n<p>IN FINAL <img loading=\"lazy\" decoding=\"async\" alt=\"\ud83c\udf89\" src=\"https:\/\/static.xx.fbcdn.net\/images\/emoji.php\/v9\/t8c\/1\/16\/1f389.png\" width=\"16\" height=\"16\"><img loading=\"lazy\" decoding=\"async\" alt=\"\ud83c\udf89\" src=\"https:\/\/static.xx.fbcdn.net\/images\/emoji.php\/v9\/t8c\/1\/16\/1f389.png\" width=\"16\" height=\"16\"><img loading=\"lazy\" decoding=\"async\" alt=\"\ud83c\udf89\" src=\"https:\/\/static.xx.fbcdn.net\/images\/emoji.php\/v9\/t8c\/1\/16\/1f389.png\" width=\"16\" height=\"16\"><\/p>\n\n\n\n<p><strong><mark style=\"background-color:rgba(0, 0, 0, 0)\" class=\"has-inline-color has-vivid-red-color\">3 PLACE<\/mark><\/strong> <img loading=\"lazy\" decoding=\"async\" width=\"16\" height=\"16\" src=\"https:\/\/static.xx.fbcdn.net\/images\/emoji.php\/v9\/t96\/1\/16\/1f949.png\" alt=\"\ud83e\udd49\"><img loading=\"lazy\" decoding=\"async\" width=\"16\" height=\"16\" src=\"https:\/\/static.xx.fbcdn.net\/images\/emoji.php\/v9\/tbe\/1\/16\/1f3c6.png\" alt=\"\ud83c\udfc6\"><\/p>\n\n\n\n<p>Judge:Milo\u0161 Lu\u010di\u0107 RS)<\/p>\n\n\n\n<p><\/p>\n\n\n\n<p> <\/p>\n\n\n\n<figure class=\"wp-block-image size-large\"><img loading=\"lazy\" decoding=\"async\" width=\"768\" height=\"1024\" src=\"https:\/\/www.lipka-box.sk\/wp-content\/uploads\/2023\/05\/20230527_204345-768x1024.jpg\" alt=\"\" class=\"wp-image-952\" srcset=\"https:\/\/www.lipka-box.sk\/wp-content\/uploads\/2023\/05\/20230527_204345-768x1024.jpg 768w, https:\/\/www.lipka-box.sk\/wp-content\/uploads\/2023\/05\/20230527_204345-225x300.jpg 225w, https:\/\/www.lipka-box.sk\/wp-content\/uploads\/2023\/05\/20230527_204345-1152x1536.jpg 1152w, https:\/\/www.lipka-box.sk\/wp-content\/uploads\/2023\/05\/20230527_204345-1536x2048.jpg 1536w, https:\/\/www.lipka-box.sk\/wp-content\/uploads\/2023\/05\/20230527_204345-2000x2667.jpg 2000w, https:\/\/www.lipka-box.sk\/wp-content\/uploads\/2023\/05\/20230527_204345-scaled.jpg 1920w\" sizes=\"auto, (max-width: 768px) 100vw, 768px\" \/><\/figure>\n<\/div><\/div>\n","protected":false},"excerpt":{"rendered":"<p>Z\u00e1kladn\u00e9 \u00fadaje D\u00e1tum narodenia : 4.06.2022 Chip: 941010000210442 SPKP: 6877 Zdravotn\u00e9 z\u00e1znamy<\/p>\n","protected":false},"author":1,"featured_media":0,"parent":0,"menu_order":0,"comment_status":"closed","ping_status":"closed","template":"","meta":{"footnotes":""},"class_list":["post-659","page","type-page","status-publish","hentry"],"_links":{"self":[{"href":"https:\/\/www.lipka-box.sk\/index.php?rest_route=\/wp\/v2\/pages\/659","targetHints":{"allow":["GET"]}}],"collection":[{"href":"https:\/\/www.lipka-box.sk\/index.php?rest_route=\/wp\/v2\/pages"}],"about":[{"href":"https:\/\/www.lipka-box.sk\/index.php?rest_route=\/wp\/v2\/types\/page"}],"author":[{"embeddable":true,"href":"https:\/\/www.lipka-box.sk\/index.php?rest_route=\/wp\/v2\/users\/1"}],"replies":[{"embeddable":true,"href":"https:\/\/www.lipka-box.sk\/index.php?rest_route=%2Fwp%2Fv2%2Fcomments&post=659"}],"version-history":[{"count":12,"href":"https:\/\/www.lipka-box.sk\/index.php?rest_route=\/wp\/v2\/pages\/659\/revisions"}],"predecessor-version":[{"id":1026,"href":"https:\/\/www.lipka-box.sk\/index.php?rest_route=\/wp\/v2\/pages\/659\/revisions\/1026"}],"wp:attachment":[{"href":"https:\/\/www.lipka-box.sk\/index.php?rest_route=%2Fwp%2Fv2%2Fmedia&parent=659"}],"curies":[{"name":"wp","href":"https:\/\/api.w.org\/{rel}","templated":true}]}}